
3, 5284541
List the prime factors of 12325892.
2, 53, 1097
What are the prime factors of 2428123460?
2, 5, 7, 79, 397
List the prime factors of 39572489.
11, 23, 71, 2203
What are the prime factors of 15395570?
2, 5, 1539557
What are the prime factors of 382760046?
2, 3, 7088149
What are the prime factors of 33210045?
3, 5, 11, 23, 2917
List the prime factors of 92026287.
3, 17, 22277
What are the prime factors of 315576396?
2, 3, 19, 181, 2549
What are the prime factors of 107761821?
3, 35920607
What are the prime factors of 709378163?
13, 54567551
What are the prime factors of 314784273?
3, 104928091
What are the prime factors of 46355096?
2, 229, 25303
List the prime factors of 1349550185.
5, 17, 23, 227, 3041
What are the prime factors of 55122419?
11, 5011129
What are the prime factors of 4957704?
2, 3, 37, 1861
What are the prime factors of 375205277?
29, 47, 5857
List the prime factors of 32487154.
2, 7, 2320511
What are the prime factors of 5630476?
2, 1407619
List the prime factors of 20740985.
5, 271, 15307
List the prime factors of 5001922782.
2, 3, 277884599
List the prime factors of 244434542.
2, 11, 191, 58171
List the prime factors of 381925113.
3, 59, 2157769
List the prime factors of 122742554.
2, 11, 43, 129749
What are the prime factors of 5514670424?
2, 689333803
What are the prime factors of 7719805?
5, 1543961
List the prime factors of 1880741388.
2, 3, 347, 451667
List the prime factors of 1155797405.
5, 7, 33022783
What are the prime factors of 1626472118?
2, 71, 107, 167, 641
What are the prime factors of 549793294?
2, 17, 2213, 7307
List the prime factors of 807661605.
3, 5, 541, 99527
List the prime factors of 1601223472.
2, 17, 5886851
List the prime factors of 28456443.
3, 463, 6829
List the prime factors of 564296381.
11, 1429, 35899
What are the prime factors of 566554865?
5, 89, 1273157
What are the prime factors of 55894181?
7, 17, 19, 59, 419
List the prime factors of 161378758.
2, 80689379
What are the prime factors of 547204044?
2, 3, 6301, 7237
What are the prime factors of 5557798276?
2, 1389449569
What are the prime factors of 243396893?
61, 3990113
What are the prime factors of 3610446765?
3, 5, 281, 856571
What are the prime factors of 1144436711?
11, 7433, 13997
What are the prime factors of 806850389?
227, 3554407
List the prime factors of 188235575.
5, 11, 684493
List the prime factors of 163874788.
2, 7, 11, 532061
What are the prime factors of 201537419?
379, 643, 827
List the prime factors of 5340006925.
5, 11, 313, 62039
List the prime factors of 4501053.
3, 349, 1433
What are the prime factors of 62726672?
2, 3920417
List the prime factors of 38959456.
2, 1217483
What are the prime factors of 899696188?
2, 173, 1300139
What are the prime factors of 1344177815?
5, 1481, 181523
List the prime factors of 3176347416.
2, 3, 11, 12031619
List the prime factors of 7998565591.
7998565591
What are the prime factors of 114360499?
11, 10396409
List the prime factors of 304859757.
3, 8233, 12343
List the prime factors of 1870033907.
7, 83, 103, 31249
List the prime factors of 27239070.
2, 3, 5, 907969
What are the prime factors of 109823408?
2, 1747, 3929
List the prime factors of 182946065.
5, 29, 1261697
What are the prime factors of 44954387?
67, 691, 971
List the prime factors of 332756211.
3, 283, 391939
List the prime factors of 74519944.
2, 673, 13841
What are the prime factors of 28399094?
2, 2069, 6863
List the prime factors of 105598051.
13, 8122927
List the prime factors of 604452529.
19, 31813291
What are the prime factors of 3758162829?
3, 31, 40410353
What are the prime factors of 172211551?
172211551
What are the prime factors of 56874791?
23, 127, 19471
List the prime factors of 76693056.
2, 3, 11, 36313
What are the prime factors of 5989327133?
503, 11907211
What are the prime factors of 396742218?
2, 3, 66123703
List the prime factors of 734734323.
3, 81637147
What are the prime factors of 476756794?
2, 238378397
What are the prime factors of 85903090?
2, 5, 7, 13, 94399
List the prime factors of 820186199.
7, 17, 59, 116819
List the prime factors of 295599366.
2, 3, 17, 966011
What are the prime factors of 5566707810?
2, 3, 5, 61852309
What are the prime factors of 1235839900?
2, 5, 12358399
List the prime factors of 56284159.
56284159
List the prime factors of 560674250.
2, 5, 2242697
List the prime factors of 5791444312.
2, 89, 8134051
List the prime factors of 131909018.
2, 17, 613, 6329
List the prime factors of 34197654.
2, 3, 5699609
What are the prime factors of 116192490?
2, 3, 5, 619, 6257
List the prime factors of 74818570.
2, 5, 7481857
List the prime factors of 73430954.
2, 211, 174007
What are the prime factors of 686609974?
2, 17, 29, 696359
List the prime factors of 40407211.
13, 163, 19069
List the prime factors of 27504747.
3, 3056083
List the prime factors of 60320999.
2243, 26893
List the prime factors of 2228820854.
2, 13, 85723879
What are the prime factors of 430256500?
2, 5, 860513
What are the prime factors of 295030875?
3, 5, 31, 41, 619
List the prime factors of 446994105.
3, 5, 107, 278501
List the prime factors of 797947199.
7, 19, 5999603
What are the prime factors of 2762010754?
2, 83, 16638619
What are the prime factors of 1330131369?
3, 7, 67, 945367
List the prime factors of 231404397.
3, 7, 11019257
What are the prime factors of 1641712232?
2, 191, 983, 1093
What are the prime factors of 54527370?
2, 3, 5, 137, 13267
List the prime factors of 926182998.
2, 3, 13, 23, 19121
What are the prime factors of 137948473?
13, 1499, 7079
List the prime factors of 42921289.
23, 1866143
List the prime factors of 81805723.
29, 2820887
List the prime factors of 2610600677.
29, 2671, 33703
List the prime factors of 15128691.
3, 17, 29, 53, 193
List the prime factors of 151643785.
5, 31, 978347
What are the prime factors of 11919093?
3, 3973031
What are the prime factors of 27007763?
107, 252409
What are the prime factors of 902365236?
2, 3, 17, 31, 47563
List the prime factors of 192357171.
3, 2273, 9403
What are the prime factors of 155563020?
2, 3, 5, 41, 107, 197
List the prime factors of 301877071.
43, 7020397
What are the prime factors of 172255505?
5, 29, 113, 10513
List the prime factors of 37957318.
2, 7, 2711237
List the prime factors of 133918336.
2, 1046237
List the prime factors of 3373115130.
2, 3, 5, 7, 11, 89, 1823
List the prime factors of 60305410.
2, 5, 11, 281, 1951
List the prime factors of 166008647.
7, 67, 353963
What are the prime factors of 317874145?
5, 23, 2764123
List the prime factors of 13419647.
17, 789391
What are the prime factors of 99748021?
2399, 41579
What are the prime factors of 169908422?
2, 84954211
List the prime factors of 124033026.
2, 3, 13, 19, 127, 659
What are the prime factors of 76909544?
2, 9613693
List the prime factors of 121721607.
3, 7, 1932089
What are the prime factors of 255387825?
3, 5, 7, 11, 14741
What are the prime factors of 291897418?
2, 19, 7681511
List the prime factors of 155252251.
7, 11, 101, 19963
List the prime factors of 2488712895.
3, 5, 181, 305551
What are the prime factors of 136190261?
136190261
What are the prime factors of 438090290?
2, 5, 11, 47, 84737
List the prime factors of 20017746.
2, 3, 7, 52957
List the prime factors of 28942317.
3, 547, 5879
List the prime factors of 60813067.
7, 137, 9059
What are the prime factors of 128532734?
2, 11, 61, 8707
What are the prime factors of 5386425?
3, 5, 11, 6529
List the prime factors of 785213528.
2, 11, 811171
List the prime factors of 2906159232.
2, 3, 31, 241, 1013
List the prime factors of 3209826229.
15581, 206009
List the prime factors of 1174657120.
2, 5, 7, 13, 80677
List the prime factors of 357053038.
2, 1447, 123377
List the prime factors of 46386246.
2, 3, 139, 55619
What are the prime factors of 193421323?
193421323
What are the prime factors of 393363515?
5, 79, 601, 1657
What are the prime factors of 123091976?
2, 7, 691, 3181
List the prime factors of 1340908180.
2, 5, 67045409
List the prime factors of 9189864.
2, 3, 127637
List the prime factors of 295585140.
2, 3, 5, 4926419
List the prime factors of 46405960.
2, 5, 167, 6947
List the prime factors of 2230781154.
2, 3, 7, 107, 70913
List the prime factors of 3144932428.
2